s**2 + 3*s - 42. Let y be g(16). Determine v(y).
-35
Let m be ((-45)/12)/(20/(-48)). Let k(p) = -p**2 + 8*p + 17. What is k(m)?
8
Suppose -w + 15 = 2*w. Let a = w - 5. Suppose 2*i + a = 2. Let k(u) = -4*u**2. Calculate k(i).
-4
Let y(k) = 0*k**2 - 121*k - k**2 + 0*k**2 + 111*k + 24. Give y(-12).
0
Let m(x) be the second derivative of -1/2*x**2 + 11*x + 0 - 1/6*x**3. Give m(-4).
3
Let w(d) = 7*d - 2. Let a be -4*(1 - 2/8). Give w(a).
-23
Suppose 0 = 5*t - 45 + 5. Let i(x) = -x**2 + 9*x - 12. Let a be i(t). Let w(k) = -2*k - 1. Give w(a).
7
Let d(g) = g**2 - 2*g - 28. Let c = -176 + 183. What is d(c)?
7
Let t(r) = -4*r + 13. Suppose -5 = -3*h - x + 6, 2*x = 2*h - 18. Give t(h).
-7
Let z(k) be the first derivative of k**3/3 + 9*k**2/2 - 2*k - 539. Suppose 0 = 5*w + 2*i + 55, -28 = 5*w - 3*i + 2. What is z(w)?
-2
Let w(x) be the second derivative of -2*x**3/3 - 2*x**2 - 7*x. Let o be (-3)/(-12)*2*-6. Determine w(o).
8
Let n(h) = -h**3 - 4*h**2 + 5. Let r be n(-4). Let j(b) be the first derivative of -b**3/3 + 3*b**2 - 2*b + 649. Give j(r).
3
Let y(m) = -m + 1. Suppose 6 = -f + 3*u, 5*f - 2*f = 5*u - 6. Suppose 23 = -2*z - 2*z - f*h, 14 = -2*z - 2*h. Give y(z).
3
Let b(t) = -5*t**2 + 1. Suppose 24 = 5*z - 26. Let x = 17 - z. Let s = 6 - x. Calculate b(s).
-4
Let a(g) = -3*g**2 + 9*g - 40. Let m(r) = -r**2 + 4*r - 17. Let l(c) = 2*a(c) - 5*m(c). What is l(0)?
5
Let b(p) = 6 + 205*p - 101*p - 105*p. Let m(g) = g**3 - g**2 - 5*g + 3. Let n be m(3). What is b(n)?
0
Let m(q) = q**3 + 5*q**2 - 8*q - 5. Let g be m(-6). Let j(a) be the first derivative of a**2 + 3*a + 65. Determine j(g).
17
Let l(c) = -5*c + 1. Let i = 15 - 15. Suppose i = -3*m - 3 - 0. Calculate l(m).
6
Suppose 13*l + 12 = 8*l + 3*m, 3*l = 5*m - 4. Let q(z) = 2*z - 2. Determine q(l).
-8
Let b = -2630 - -2625. Let o(l) be the first derivative of l**2 + 5*l - 1. What is o(b)?
-5
Let a(p) = p**3 - 9*p**2 - 9*p - 4. Let w(i) = 3*i - 17. Let t(o) = -10*o + 50. Let r(n) = -3*t(n) - 8*w(n). Let u be r(4). Determine a(u).
6
Let v be 0 + 4 - 117/13. Let s(m) = -3*m**2 - 5*m - 7. Give s(v).
-57
Suppose 11*z + 66 = 10*z. Let m = 65 + z. Let f(c) = -2*c**3 - 1. Determine f(m).
1
Let o(f) = 7*f**2 + 10*f**2 + 5 - 25*f**2 + f**3 - 4*f + 12*f**2. Let g be (-10)/(-5) - 7/1. Determine o(g).
0
Let w(j) be the third derivative of 5*j**4/6 - 4*j**3 + 32*j**2. Let z(n) = 7*n - 8. Let i(d) = 6*w(d) - 17*z(d). What is i(5)?
-3
Let z(f) be the second derivative of f**5/20 + f**4/12 - f**3/6 - 3*f**2/2 + 136*f. Let a = 4 + -4. Give z(a).
-3
Suppose -37*m + 144 = 11*m. Let s(h) be the third derivative of h**6/240 - h**5/40 - h**4/12 + h**2. Let q(j) be the second derivative of s(j). Give q(m).
6
Let i(g) = g**2 - 4*g + 1. Suppose f - 3 + 0 = 2*y, -5*y - 7 = -2*f. Let c = y + 5. What is i(c)?
1
Let a(p) = -p**3 + 3*p**2 + 6*p. Let z(c) = c**2 - 1. Let r(g) = a(g) - 6*z(g). Suppose 1 - 19 = 3*i. Let m(v) = v**2 + 6*v - 4. Let x be m(i). Calculate r(x).
-2
Let n(a) be the first derivative of -3*a**2 + 28. Calculate n(4).
-24
Let s(o) = 7*o**2 - 6*o - 8. Let a be (-3 + 5)/(-12)*-6. Let k(q) = q**3 - q**2 + 1. Let g(p) = a*s(p) + k(p). Determine g(-7).
-14
Let k(f) = 4*f**2 + f**3 + 32 + 3*f - 52 + 26. Determine k(-4).
-6
Let h(t) = 7*t**2 + t - 1. Suppose 141 + 6 = 5*g - 3*y, 0 = -g - y + 23. Suppose 49 = -4*u - 55. Let l = u + g. Give h(l).
7
Let m(p) be the first derivative of 3 - 2/3*p**3 - p - 1/4*p**4 + 1/2*p**2. Calculate m(-2).
-3
Let y(k) = 7*k + 7. Suppose -c - 3 - 1 = 0. Let d(q) = -6*q - 6. Let r(p) = c*d(p) - 3*y(p). Let g = 5279 - 5281. Give r(g).
-3
Let w(l) be the first derivative of -12*l + 1/4*l**4 + 28 + 11/2*l**2 - 11/3*l**3. Determine w(10).
-2
Let a = 61 - 25. Let n = -41 + a. Let j(m) = m**3 + 6*m**2 + 6*m + 2. What is j(n)?
-3
Let z = -13 + 6. Let o(p) be the third derivative of 0*p + 1/2*p**3 + 0 + 1/24*p**4 + 5*p**2. Give o(z).
-4
Let u(q) = -q + 13. Suppose 42*r = 36 + 258. Calculate u(r).
6
Let f(s) = 6*s**2 + 5*s - 3 + 2*s**3 + 2*s**3 - 5*s**3. Let g(m) = -3*m + 73. Let v be g(22). Calculate f(v).
-17
Suppose 0 = 26*w - 29*w + 81. Let p(z) = -16 - w*z**2 + z + 15 + 28*z**2. Calculate p(-5).
19
Let o(x) = -2*x**2 - 5. Let n = -11 + 8. Let k(q) = 5*q**2 + 11. Let j be 2 - (-3 - 33)/(-4). Let p(z) = j*o(z) + n*k(z). Determine p(0).
2
Let w be (-2 - -3)/(-10 - -16). Let i(k) be the second derivative of 1/2*k**2 - w*k**3 + 0 + 3*k - 1/2*k**4. Determine i(1).
-6
Let j(p) = 5*p**2 + p + 1. Let b be j(-1). Let d(q) = 4*q**2 - 2*q + 3. Let v be 5/(-1)*6/30. Let l(r) = r**2 + r - 1. Let t(k) = v*d(k) + 3*l(k). What is t(b)?
-6
Let q(j) = -j**2 - 11*j - 6. Suppose 4*g = -32 - 96. Let u = g + 28. What is q(u)?
22
Let f(i) = i + 6 + 0*i - 3*i - i. Let h be f(4). Let b(p) = p**2 + 5*p - 7. Let c be b(h). Let l(k) = 2*k + 1. Give l(c).
-1
Let c(j) = -21 - 731*j**2 + 730*j**2 + 16*j - 5*j. Calculate c(10).
-11
Suppose -3*d + 0*q = -5*q - 4, -5*d - 8 = -q. Let k(x) be the third derivative of x**5/12 + x**4/24 - x**3/6 + x**2. What is k(d)?
17
Let p(z) be the third derivative of z**4/24 - 5*z**3/6 + 2*z**2. Let q be -3 - 27/(-6)*2. Suppose 4*w + q - 26 = 0. Determine p(w).
0
Let d(l) be the second derivative of -l**6/360 - l**5/30 + l**4/6 + 3*l**3/2 + 4*l. Let v(j) be the second derivative of d(j). Determine v(-5).
-1
Let n(y) = -2*y**3 - 3*y**2 + y - 2. Suppose 9*j + 18*j = -81. What is n(j)?
22
Let c(q) = -7*q + 1. Let j(a) = -9*a + 1. Let t(b) = -5*c(b) + 4*j(b). Determine t(7).
-8
Let k(w) be the third derivative of -w**5/30 + 3*w**4/8 + 40*w**2 - 5*w. Calculate k(5).
-5
Suppose -4*q + 3*d - 66 = -7*q, -5*q + 2*d = -117. Let s(w) = 6*w**2 - 2 + 5*w**2 - 9*w**2 + 22*w**3 - 2*w - q*w**3. Calculate s(2).
-6
Let d(o) be the third derivative of -14*o**2 - 1/3*o**3 - 1 - 1/120*o**6 - 1/30*o**5 + 0*o + 1/6*o**4. Calculate d(2).
-10
Suppose -5*q = -25, -4*n - 5*q = -6*n - 17. Let k(z) = z**2 + 2*z + 2. What is k(n)?
26
Let i = -123 - 12. Let w = 136 + i. Let j(x) = 21*x**3 - 2*x + 1. What is j(w)?
20
Let w(i) = i**2 - i - 5. Let m be 6/(-3) + -5 + 4. Give w(m).
7
Let i(q) = q**2 + 13*q - 19. Suppose -86*j + 35*j = 816. Give i(j).
29
Let t be 5 - (2 + (-3 - -4)). Suppose -n + 1 = -t*n. Let h be 275/66 + n/6. Let k(r) = r**2 - 2*r + 1. What is k(h)?
9
Let w(s) = s**3 + 4*s**2 - 1. Let a(f) be the third derivative of 0*f + 5*f**2 + 2/3*f**3 + 1/24*f**4 + 0. Let c be a(-6). Give w(c).
7
Let p(d) = 2*d**3 - 2*d**2 - 5*d + 3. Suppose 141 = 3*o + g, 387 - 153 = 5*o + 2*g. Suppose -7*n - 9*n + o = 0. What is p(n)?
24
Let o(n) = -n**3 + 6*n**2 + 5*n + 8. Let h(q) = q + 1. Let g be h(6). Let i be (10/4 + 1)*(-5 + g). What is o(i)?
-6
Let k be -3 + 6 - (-3 - -4). Let t(v) = -2*v**k + 85*v**3 - 75*v**3 + 5*v**2 - 1 - v**2. Calculate t(-1).
-9
Let a(m) = 3*m + 1. Let j(p) = 1 + 8*p - 3*p - 3*p. Let o(f) = 3*a(f) - 5*j(f). Give o(-4).
2
Let n = -7651 - -7654. Let h(i) = -7*i - 4. Let k(o) = 4*o + 2. Let u(a) = -3*h(a) - 5*k(a). Give u(n).
5
Let k(m) = 2*m**2 + 19*m + 10. Let r(u) = u - 15. Let v be r(20). Suppose v*w - 12 = 9*w. Let y(s) = -s**2 - 10*s - 5. Let c(t) = w*k(t) - 5*y(t). Give c(-5).
5
Let a = 20 + -35. Let x = a - -17. Let u(z) = -2 - x*z + 5 + 2*z**2 + z - 3*z**2. What is u(-3)?
-3
Let w(q) = 2*q**2 + 5*q - 5. Let d be w(3). Let v(p) = -11*p + p**2 + 8 + d*p - 10*p. Let h be 88/(-14) - (-4)/14. Give v(h).
2
Let i(a) be the second derivative of -a**5/120 + a**4/24 + 5*a**3/6 + 25*a. Let c(w) be the second derivative of i(w). Give c(-5).
6
Let h(i) be the second derivative of -i**4/12 + 2*i**3/3 + 11*i**2/2 + 18*i. Calculate h(6).
-1
Let x(z) be the first derivative of z**2/2 - 3*z - 13. Let y(d) = -4. Let v(m) = 5*x(m) - 4*y(m). What is v(1)?
6
Let k be 36/42 - (-2)/14. Let h(s) be the first derivative of -4*s**2 + s - 1. Calculate h(k).
-7
Let f(b) be the third derivative of b**8/10080 + b**7/1008 + b**6/180 - 23*b**5/60 - 27*b**2. Let z(k) be the third derivative of f(k). Give z(-4).
16
Let y = -18 + 5. Let m be y/3 + 6/18. Let r(o) = 0 + o**2 + 4*o**2 + 2 + 5*o + o**3. Determine r(m).
-2
Let g(i) = 4*i**2 + 22*i - 33. Let k(r) = r**2 + r - 3. Let z(j) = g(j) - 3*k(j). Calculate z(-20).
-4
Let h(m) be the first derivative of 9*m - 1/2*m**2 - 19 + 1/4*m**4 + 0*m**3. Calculate h(0).
9
Let p(v) be the first